04 and 5050?
202
Calculate the greatest common divisor of 258 and 2666.
86
What is the highest common factor of 136 and 867?
17
What is the highest common divisor of 32 and 1560?
8
Calculate the highest common divisor of 12 and 1674.
6
What is the greatest common factor of 15 and 255?
15
What is the greatest common factor of 154 and 352?
22
Calculate the greatest common divisor of 5 and 190.
5
Calculate the highest common factor of 95 and 133.
19
Calculate the greatest common factor of 10290 and 84.
42
Calculate the highest common factor of 15 and 65.
5
Calculate the greatest common divisor of 1040 and 936.
104
What is the highest common factor of 1501 and 79?
79
What is the greatest common factor of 177 and 1416?
177
Calculate the greatest common factor of 1404 and 1092.
156
What is the highest common divisor of 405 and 54?
27
What is the highest common factor of 18 and 330?
6
What is the greatest common factor of 2205 and 135?
45
What is the greatest common divisor of 4812 and 3?
3
Calculate the highest common factor of 23 and 31.
1
Calculate the highest common factor of 28 and 77.
7
What is the highest common factor of 312 and 3237?
39
What is the greatest common divisor of 4 and 14?
2
Calculate the highest common divisor of 6697 and 37.
37
What is the greatest common divisor of 522 and 232?
58
Calculate the greatest common divisor of 850 and 50.
50
Calculate the greatest common divisor of 31 and 744.
31
Calculate the greatest common divisor of 529 and 1817.
23
Calculate the highest common factor of 40 and 640.
40
Calculate the greatest common factor of 1211 and 7.
7
Calculate the highest common factor of 93 and 217.
31
Calculate the greatest common factor of 11080 and 80.
40
What is the greatest common divisor of 321 and 5?
1
What is the greatest common factor of 66 and 1023?
33
What is the highest common factor of 12 and 156?
12
What is the greatest common divisor of 130 and 182?
26
What is the highest common factor of 104 and 7944?
8
What is the greatest common factor of 8 and 8?
8
What is the greatest common divisor of 24 and 402?
6
What is the highest common factor of 638 and 198?
22
Calculate the greatest common factor of 26 and 130.
26
What is the greatest common divisor of 261 and 18?
9
What is the greatest common factor of 25296 and 16?
16
What is the greatest common factor of 979 and 517?
11
Calculate the highest common factor of 8 and 668.
4
Calculate the highest common factor of 2192 and 16.
16
Calculate the highest common factor of 295 and 826.
59
Calculate the greatest common divisor of 280 and 504.
56
What is the highest common divisor of 678 and 1921?
113
What is the highest common factor of 28 and 14?
14
Calculate the highest common factor of 988 and 1178.
38
What is the highest common factor of 539 and 1001?
77
What is the greatest common factor of 13167 and 99?
99
What is the greatest common divisor of 24 and 8?
8
Calculate the greatest common factor of 10 and 290.
10
Calculate the highest common divisor of 835 and 140.
5
Calculate the highest common divisor of 9860 and 58.
58
What is the greatest common divisor of 126 and 3465?
63
What is the highest common divisor of 7208 and 16?
8
Calculate the greatest common factor of 54 and 504.
18
Calculate the greatest common factor of 44 and 4.
4
Calculate the greatest common factor of 55 and 935.
55
What is the greatest common divisor of 6364 and 148?
148
What is the greatest common factor of 595 and 7?
7
What is the greatest common divisor of 902 and 246?
82
What is the greatest common divisor of 1046 and 2?
2
What is the greatest common divisor of 11 and 781?
11
What is the greatest common divisor of 765 and 45?
45
Calculate the greatest common divisor of 204 and 48.
12
What is the highest common divisor of 224 and 1008?
112
What is the greatest common factor of 24 and 1528?
8
Calculate the greatest common divisor of 3910 and 85.
85
What is the highest common divisor of 2094 and 6?
6
Calculate the greatest common divisor of 1176 and 378.
42
What is the greatest common divisor of 318 and 30?
6
Calculate the greatest common divisor of 361 and 19.
19
What is the greatest common factor of 1405 and 5?
5
Calculate the greatest common divisor of 13 and 403.
13
What is the greatest common factor of 1807 and 65?
13
What is the greatest common divisor of 87 and 2059?
29
Calculate the greatest common divisor of 623 and 5696.
89
Calculate the greatest common factor of 315 and 29232.
63
Calculate the greatest common factor of 10 and 2510.
10
What is the greatest common factor of 640 and 1160?
40
Calculate the greatest common divisor of 200 and 16.
8
What is the greatest common divisor of 68 and 2?
2
What is the greatest common divisor of 369 and 37269?
369
Calculate the highest common divisor of 51 and 2669.
17
Calculate the greatest common factor of 116 and 12.
4
What is the highest common factor of 21 and 525?
21
What is the highest common divisor of 363 and 1353?
33
What is the highest common divisor of 140 and 490?
70
What is the greatest common factor of 7047 and 29?
29
What is the highest common divisor of 29 and 319?
29
What is the highest common factor of 528 and 11792?
176
What is the highest common factor of 273 and 39?
39
What is the highest common divisor of 2205 and 28?
7
Calculate the highest common divisor of 134 and 536.
134
What is the greatest common divisor of 36 and 855?
9
What is the greatest common factor of 51 and 119?
17
What is the highest common divisor of 77 and 385?
77
What is the highest common divisor of 53 and 583?
53
Calculate the highest common divisor of 26 and 27131.
13
Calculate the greatest common factor of 12 and 966.
6
What is the greatest common divisor of 189 and 2667?
21
Calculate the greatest common divisor of 24 and 2148.
12
What is the highest common divisor of 20 and 68?
4
What is the highest common factor of 527 and 186?
31
What is the greatest common divisor of 423 and 99?
9
Calculate the greatest common factor of 1884 and 96.
12
What is the greatest common factor of 11104 and 1041?
347
Calculate the highest common divisor of 1222 and 94.
94
Calculate the greatest common factor of 3 and 164.
1
Calculate the highest common factor of 16 and 2.
2
What is the greatest common divisor of 8777 and 262?
131
What is the greatest common divisor of 11622 and 52?
26
Calculate the highest common divisor of 2 and 628.
2
Calculate the highest common factor of 30 and 318.
6
What is the greatest common divisor of 15 and 47655?
15
Calculate the highest common divisor of 1924 and 416.
52
What is the greatest common factor of 10 and 610?
10
What is the greatest common divisor of 1804 and 44?
44
Calculate the highest common divisor of 48 and 3792.
48
Calculate the greatest common divisor of 4495 and 3.
1
Calculate the highest common factor of 26420 and 20.
20
Calculate the highest common divisor of 123 and 1189.
41
What is the highest common divisor of 791 and 7?
7
Calculate the highest common divisor of 191 and 50806.
191
What is the highest common divisor of 26 and 3731?
13
Calculate the greatest common divisor of 4 and 1588.
4
Calculate the greatest common divisor of 8 and 58.
2
What is the greatest common factor of 350 and 28?
14
What is the greatest common factor of 5 and 40?
5
Calculate the highest common factor of 6 and 498.
6
What is the greatest common divisor of 6097 and 91?
91
What is the greatest common factor of 1260 and 20?
20
What is the highest common factor of 5054 and 14?
14
Calculate the greatest common divisor of 6307 and 238.
119
Calculate the highest common divisor of 1375 and 5.
5
What is the greatest common divisor of 4929 and 31?
31
What is the highest common factor of 2 and 100?
2
Calculate the highest common divisor of 46 and 736.
46
What is the greatest common factor of 12 and 2166?
6
What is the greatest common divisor of 104 and 13?
13
What is the highest common factor of 970 and 40?
10
Calculate the greatest common divisor of 280 and 60.
20
What is the highest common divisor of 35 and 525?
35
Calculate the greatest common divisor of 62 and 12.
2
Calculate the greatest common factor of 18200 and 35.
35
Calculate the highest common divisor of 21210 and 210.
210
Calculate the greatest common divisor of 6496 and 435.
29
Calculate t